{"id":304,"date":"2014-09-16T14:13:19","date_gmt":"2014-09-16T12:13:19","guid":{"rendered":"http:\/\/preprod.prospectivecooperation.org\/?page_id=304"},"modified":"2022-07-29T14:10:13","modified_gmt":"2022-07-29T12:10:13","slug":"comite-cientifico-2","status":"publish","type":"page","link":"https:\/\/www.prospectivecooperation.org\/pt-br\/objetivos-missoes-3\/comite-cientifico-2\/","title":{"rendered":"Comit\u00ea cient\u00edfico"},"content":{"rendered":"<div class=\"wpb-content-wrapper\"><p>[vc_row][vc_column][vc_toggle title=&#8221;Vincent Wallaert&#8221; open=&#8221;true&#8221; icon=&#8221;angle-up&#8221; icon_closed=&#8221;angle-down&#8221; icon_position=&#8221;to-right&#8221;]<a href=\"https:\/\/www.prospectivecooperation.org\/wp-content\/uploads\/2022\/07\/Vincent-Wallaert-2-Copier-622x440-1.jpg\"><img loading=\"lazy\" decoding=\"async\" class=\"wp-image-5012 alignleft\" src=\"https:\/\/www.prospectivecooperation.org\/wp-content\/uploads\/2022\/07\/Vincent-Wallaert-2-Copier-622x440-1-249x300.jpg\" alt=\"\" width=\"144\" height=\"173\" srcset=\"https:\/\/www.prospectivecooperation.org\/wp-content\/uploads\/2022\/07\/Vincent-Wallaert-2-Copier-622x440-1-249x300.jpg 249w, https:\/\/www.prospectivecooperation.org\/wp-content\/uploads\/2022\/07\/Vincent-Wallaert-2-Copier-622x440-1.jpg 323w\" sizes=\"auto, (max-width: 144px) 100vw, 144px\" \/><\/a>VINCENT WALLAERT \u00e9 Chefe de servi\u00e7o Europa da Metr\u00f3pole Aix-Marseille-Provence (MAMP).\u00a0 Anteriormente ele ocupou, de 2013 a 2016, o cargo de <strong>Respons\u00e1vel do Polo Coopera\u00e7\u00e3o<\/strong> da <strong>Ag\u00eancia das Cidades e<\/strong> <strong>Territ\u00f3rios<\/strong> <strong>Mediterr\u00e2nicos Sustent\u00e1veis<\/strong> (<strong>AVITEM<\/strong>), ensinando a <strong>economia<\/strong> <strong>territorial <\/strong>e a <strong>montagem de projetos<\/strong> no \u00e2mbito de <strong>Masters na Universidade Aix-Marseille<\/strong> e <strong>Science Po Grenoble<\/strong>.[\/vc_toggle][vc_toggle title=&#8221;Marc Lescaudron&#8221; open=&#8221;true&#8221; icon=&#8221;angle-up&#8221; icon_closed=&#8221;angle-down&#8221; icon_position=&#8221;to-right&#8221;]<img loading=\"lazy\" decoding=\"async\" class=\"alignleft size-full wp-image-1294\" src=\"http:\/\/www.prospectivecooperation.org\/wp-content\/uploads\/2014\/09\/m_lescaudron.jpg\" alt=\"m lescaudron\" width=\"160\" height=\"166\" \/><\/p>\n<p>MARC LESCAUDRON \u00e9 atualmente avaliador e formador no \u00e2mbito da Prospective et Coop\u00e9ration. Foi respons\u00e1vel por programas de refor\u00e7o das capacidades dos agentes locais na \u00c1frica Ocidental, no Mediterr\u00e2neo e na Am\u00e9rica Latina por 14 anos. Neste contexto, ele foi tamb\u00e9m respons\u00e1vel pelos estudos de viabilidade, concep\u00e7\u00e3o e supervis\u00e3o dos programas.<\/p>\n<p>Titular de um DEA de Hist\u00f3ria das Rela\u00e7\u00f5es Internacionais na Sorbonne e na Universidade Federal da Bahia (Brasil), de um Master 2 em <strong>sociologia das organiza\u00e7\u00f5es de desenvolvimento<\/strong> no IEDES (Instituto de Estudos de Desenvolvimento Econ\u00f4mico e Social- Paris I Sorbonne) e um Master 2 de <strong>A\u00e7\u00e3o e Direito Humanit\u00e1rios<\/strong> na Universidade de Aix-Marseille desde 2007 pratica os princ\u00edpios da <strong>pedagogia ativa<\/strong> e utiliza os instrumentos de <strong>an\u00e1lise institucional participativa<\/strong>.<\/p>\n<p>Enfim, encomendou e realizou <strong>avalia\u00e7\u00f5es <\/strong>para v\u00e1rias ONG e organiza\u00e7\u00f5es internacionais na \u00c1frica, no Mediterr\u00e2neo e na Asia.[\/vc_toggle][vc_toggle title=&#8221;Marc Lescaudron&#8221; open=&#8221;true&#8221; icon=&#8221;angle-up&#8221; icon_closed=&#8221;angle-down&#8221; icon_position=&#8221;to-right&#8221;]<a href=\"https:\/\/www.prospectivecooperation.org\/wp-content\/uploads\/2022\/07\/Jean-Gaudart.jpg\"><img loading=\"lazy\" decoding=\"async\" class=\"wp-image-4994 alignleft\" src=\"https:\/\/www.prospectivecooperation.org\/wp-content\/uploads\/2022\/07\/Jean-Gaudart.jpg\" alt=\"\" width=\"149\" height=\"149\" srcset=\"https:\/\/www.prospectivecooperation.org\/wp-content\/uploads\/2022\/07\/Jean-Gaudart.jpg 298w, https:\/\/www.prospectivecooperation.org\/wp-content\/uploads\/2022\/07\/Jean-Gaudart-150x150.jpg 150w\" sizes=\"auto, (max-width: 149px) 100vw, 149px\" \/><\/a><\/p>\n<p>JEAN GAUDART \u00e9 <strong>m\u00e9dico<\/strong>, especialista em <strong>Sa\u00fade P\u00fablica<\/strong> e professor de <strong>bioestat\u00edstica<\/strong>. O seu estudo concentra-se na an\u00e1lise da din\u00e2mica espa\u00e7o-temporal das <strong>epidemias<\/strong>, em especial da <strong>mal\u00e1ria<\/strong> e da <strong>c\u00f3lera<\/strong>.<\/p>\n<p>Em particular, ele desenvolveu modelos matem\u00e1ticos para avaliar a rela\u00e7\u00e3o entre a transmiss\u00e3o, em particular a mal\u00e1ria, e v\u00e1rios fatores como o ambiente, o comportamento econ\u00f3mico e a mobilidade.<\/p>\n<p>(Ele) Colabora estreitamente e (desde) h\u00e1 cerca 16 anos com o \u201c<em>Malaria Research and Training Center<\/em> (MRTC)\u201d em Bamako, Mali (Pr. Ogobara Doumbo), e atualmente dirige o eixo de investiga\u00e7\u00e3o \u201cDynamiques \u00c9pid\u00e9miques et Territories\u201d \/ Din\u00e2micas Epidemias e Territ\u00f3rio dentro do UMR912.<\/p>\n<p>\u00c9 tamb\u00e9m respons\u00e1vel por uma especialidade do Mestrado em Sa\u00fade P\u00fablica, Empresas e Desenvolvimento\/\/ <strong>Master Sant\u00e9 Publique, Soci\u00e9t\u00e9s, D\u00e9veloppements <\/strong>na <strong>Universidade de Marselha<\/strong>, ensino a dist\u00e2ncia, com cerca de 60 estudantes por ano, e \u00e9 diretor de tese para estudantes de doutoramento de numerosos pa\u00edses, inclu\u00eddo o Mali, Burkina Faso, Senegal, Togo, em colabora\u00e7\u00e3o com investigadores parceiros locais.[\/vc_toggle][vc_toggle title=&#8221;Elisabeth Dorier&#8221; open=&#8221;true&#8221; icon=&#8221;angle-up&#8221; icon_closed=&#8221;angle-down&#8221; icon_position=&#8221;to-right&#8221;]<a href=\"https:\/\/www.prospectivecooperation.org\/wp-content\/uploads\/2020\/03\/Elisabeth_Dorier2.jpg\"><img loading=\"lazy\" decoding=\"async\" class=\" wp-image-3901 alignleft\" src=\"https:\/\/www.prospectivecooperation.org\/wp-content\/uploads\/2020\/03\/Elisabeth_Dorier2-300x300.jpg\" alt=\"\" width=\"149\" height=\"149\" srcset=\"https:\/\/www.prospectivecooperation.org\/wp-content\/uploads\/2020\/03\/Elisabeth_Dorier2-300x300.jpg 300w, https:\/\/www.prospectivecooperation.org\/wp-content\/uploads\/2020\/03\/Elisabeth_Dorier2-150x150.jpg 150w, https:\/\/www.prospectivecooperation.org\/wp-content\/uploads\/2020\/03\/Elisabeth_Dorier2.jpg 512w\" sizes=\"auto, (max-width: 149px) 100vw, 149px\" \/><\/a>ELISABETH DORIER \u00e9 ge\u00f3grafa, professora na Universidade de Aix-Marseille, investigadora no LPED (Laboratoire Population Environnement D\u00e9veloppement), especialista em abordagens socioambientais urbanas, membro s\u00eanior do IUF (Institut Universitaire de France).<\/p>\n<p>Ap\u00f3s uma tese sobre Brazzaville, \u201cAmbiente e sa\u00fade em Brazzaville, Congo: da ecologia urbana \u00e0 geografia social\u201d, ela apoia uma HDR sobre \u201cSociedades urbanas e ambiente nas cidades africanas\u201d onde mobiliza os seus trabalhos sobre a governa\u00e7\u00e3o urbana no Benim, Congo e Mali.<\/p>\n<p>De 2011 a 2020, no \u00e2mbito de uma parceira com o Minist\u00e9rio dos Assuntos Sociais e da A\u00e7\u00e3o Humanit\u00e1ria, o BAD e a AFD, realizou uma s\u00e9rie de diagn\u00f3sticos setoriais e territoriais baseados em investiga\u00e7\u00f5es diretas nas zonas mais afetadas pelas guerras no Congo Brazzaville, antes de pilotar estudos sobre a pobreza territorial neste pa\u00eds.<\/p>\n<p>Em Marselha, onde reside, seguindo a mesma metodologia que combina inqu\u00e9ritos de campo e cartografia estat\u00edstica, ela se envolveu desde 2018, em liga\u00e7\u00e3o com a funda\u00e7\u00e3o Abb\u00e9 Pierre e o HCLPD (Alto Comit\u00ea para o Alojamento das Pessoas Desfavorecidas), na constru\u00e7\u00e3o de um SIG e um acompanhamento cartogr\u00e1fico das quest\u00f5es do m\u00e1 habita\u00e7\u00e3o, das evacua\u00e7\u00f5es de emerg\u00eancia e da habita\u00e7\u00e3o social.<\/p>\n<p>Publica\u00e7\u00f5es:<\/p>\n<p>&#8211;\u00a0 <a href=\"https:\/\/www.cairn.info\/revue-herodote-2015-3-page-132.htm\">Dynamiques territoriales du postconflit et de la reconstruction au Congo-Brazzaville<\/a><\/p>\n<ul>\n<li><a href=\"https:\/\/urbanicites.hypotheses.org\/2872\">La crise du logement indigne et ses enjeux \u00e0 Marseille, une veille cartographique (2018-2020)<\/a><\/li>\n<li><a href=\"https:\/\/urbanicites.hypotheses.org\/2872\">La crise du logement indigne et ses enjeux \u00e0 Marseille, une veille cartographique (2018-2020)<\/a><\/li>\n<li>Contributions aux <a href=\"http:\/\/www.hclpd.gouv.fr\/a-la-une-r5.html\">rapports du HCLPD<\/a><\/li>\n<\/ul>\n<p>[\/vc_toggle][\/vc_column][\/vc_row]<\/p>\n<\/div>","protected":false},"excerpt":{"rendered":"<p>[vc_row][vc_column][vc_toggle title=&#8221;Vincent Wallaert&#8221; open=&#8221;true&#8221; icon=&#8221;angle-up&#8221; icon_closed=&#8221;angle-down&#8221; icon_position=&#8221;to-right&#8221;]VINCENT WALLAERT \u00e9 Chefe de servi\u00e7o Europa da Metr\u00f3pole Aix-Marseille-Provence (MAMP).\u00a0 Anteriormente ele ocupou, de 2013 a 2016, o cargo de Respons\u00e1vel do Polo Coopera\u00e7\u00e3o da Ag\u00eancia das Cidades e Territ\u00f3rios Mediterr\u00e2nicos Sustent\u00e1veis (AVITEM), ensinando a economia territorial e a montagem de projetos no \u00e2mbito de Masters na Universidade Aix-Marseille e Science Po Grenoble.[\/vc_toggle][vc_toggle [&hellip;]<\/p>\n","protected":false},"author":11317,"featured_media":0,"parent":147,"menu_order":0,"comment_status":"open","ping_status":"closed","template":"","meta":{"footnotes":""},"class_list":["post-304","page","type-page","status-publish","hentry"],"_links":{"self":[{"href":"https:\/\/www.prospectivecooperation.org\/pt-br\/wp-json\/wp\/v2\/pages\/304","targetHints":{"allow":["GET"]}}],"collection":[{"href":"https:\/\/www.prospectivecooperation.org\/pt-br\/wp-json\/wp\/v2\/pages"}],"about":[{"href":"https:\/\/www.prospectivecooperation.org\/pt-br\/wp-json\/wp\/v2\/types\/page"}],"author":[{"embeddable":true,"href":"https:\/\/www.prospectivecooperation.org\/pt-br\/wp-json\/wp\/v2\/users\/11317"}],"replies":[{"embeddable":true,"href":"https:\/\/www.prospectivecooperation.org\/pt-br\/wp-json\/wp\/v2\/comments?post=304"}],"version-history":[{"count":10,"href":"https:\/\/www.prospectivecooperation.org\/pt-br\/wp-json\/wp\/v2\/pages\/304\/revisions"}],"predecessor-version":[{"id":5017,"href":"https:\/\/www.prospectivecooperation.org\/pt-br\/wp-json\/wp\/v2\/pages\/304\/revisions\/5017"}],"up":[{"embeddable":true,"href":"https:\/\/www.prospectivecooperation.org\/pt-br\/wp-json\/wp\/v2\/pages\/147"}],"wp:attachment":[{"href":"https:\/\/www.prospectivecooperation.org\/pt-br\/wp-json\/wp\/v2\/media?parent=304"}],"curies":[{"name":"wp","href":"https:\/\/api.w.org\/{rel}","templated":true}]}}

Comitê científico

<div class="wpb-content-wrapper"><p>[vc_row][vc_column][vc_toggle title=&#8221;Vincent Wallaert&#8221; open=&#8221;true&#8221; icon=&#8221;angle-up&#8221; icon_closed=&#8221;angle-down&#8221; icon_position=&#8221;to-right&#8221;]<a href="https://www.prospectivecooperation.org/wp-content/uploads/2022/07/Vincent-Wallaert-2-Copier-622x440-1.jpg"><img loading="lazy" decoding="async" class="wp-image-5012 alignleft" src="https://www.prospectivecooperation.org/wp-content/uploads/2022/07/Vincent-Wallaert-2-Copier-622x440-1-249x300.jpg" alt="" width="144" height="173" srcset="https://www.prospectivecooperation.org/wp-content/uploads/2022/07/Vincent-Wallaert-2-Copier-622x440-1-249x300.jpg 249w, https://www.prospectivecooperation.org/wp-content/uploads/2022/07/Vincent-Wallaert-2-Copier-622x440-1.jpg 323w" sizes="auto, (max-width: 144px) 100vw, 144px" /></a>VINCENT WALLAERT é Chefe de serviço Europa da Metrópole Aix-Marseille-Provence (MAMP).  Anteriormente ele ocupou, de 2013 a 2016, o cargo de <strong>Responsável do Polo Cooperação</strong> da <strong>Agência das Cidades e</strong> <strong>Territórios</strong> <strong>Mediterrânicos Sustentáveis</strong> (<strong>AVITEM</strong>), ensinando a <strong>economia</strong> <strong>territorial </strong>e a <strong>montagem de projetos</strong> no âmbito de <strong>Masters na Universidade Aix-Marseille</strong> e <strong>Science Po Grenoble</strong>.[/vc_toggle][vc_toggle title=&#8221;Marc Lescaudron&#8221; open=&#8221;true&#8221; icon=&#8221;angle-up&#8221; icon_closed=&#8221;angle-down&#8221; icon_position=&#8221;to-right&#8221;]<img loading="lazy" decoding="async" class="alignleft size-full wp-image-1294" src="http://www.prospectivecooperation.org/wp-content/uploads/2014/09/m_lescaudron.jpg" alt="m lescaudron" width="160" height="166" /></p>
<p>MARC LESCAUDRON é atualmente avaliador e formador no âmbito da Prospective et Coopération. Foi responsável por programas de reforço das capacidades dos agentes locais na África Ocidental, no Mediterrâneo e na América Latina por 14 anos. Neste contexto, ele foi também responsável pelos estudos de viabilidade, concepção e supervisão dos programas.</p>
<p>Titular de um DEA de História das Relações Internacionais na Sorbonne e na Universidade Federal da Bahia (Brasil), de um Master 2 em <strong>sociologia das organizações de desenvolvimento</strong> no IEDES (Instituto de Estudos de Desenvolvimento Econômico e Social- Paris I Sorbonne) e um Master 2 de <strong>Ação e Direito Humanitários</strong> na Universidade de Aix-Marseille desde 2007 pratica os princípios da <strong>pedagogia ativa</strong> e utiliza os instrumentos de <strong>análise institucional participativa</strong>.</p>
<p>Enfim, encomendou e realizou <strong>avaliações </strong>para várias ONG e organizações internacionais na África, no Mediterrâneo e na Asia.[/vc_toggle][vc_toggle title=&#8221;Marc Lescaudron&#8221; open=&#8221;true&#8221; icon=&#8221;angle-up&#8221; icon_closed=&#8221;angle-down&#8221; icon_position=&#8221;to-right&#8221;]<a href="https://www.prospectivecooperation.org/wp-content/uploads/2022/07/Jean-Gaudart.jpg"><img loading="lazy" decoding="async" class="wp-image-4994 alignleft" src="https://www.prospectivecooperation.org/wp-content/uploads/2022/07/Jean-Gaudart.jpg" alt="" width="149" height="149" srcset="https://www.prospectivecooperation.org/wp-content/uploads/2022/07/Jean-Gaudart.jpg 298w, https://www.prospectivecooperation.org/wp-content/uploads/2022/07/Jean-Gaudart-150x150.jpg 150w" sizes="auto, (max-width: 149px) 100vw, 149px" /></a></p>
<p>JEAN GAUDART é <strong>médico</strong>, especialista em <strong>Saúde Pública</strong> e professor de <strong>bioestatística</strong>. O seu estudo concentra-se na análise da dinâmica espaço-temporal das <strong>epidemias</strong>, em especial da <strong>malária</strong> e da <strong>cólera</strong>.</p>
<p>Em particular, ele desenvolveu modelos matemáticos para avaliar a relação entre a transmissão, em particular a malária, e vários fatores como o ambiente, o comportamento económico e a mobilidade.</p>
<p>(Ele) Colabora estreitamente e (desde) há cerca 16 anos com o “<em>Malaria Research and Training Center</em> (MRTC)” em Bamako, Mali (Pr. Ogobara Doumbo), e atualmente dirige o eixo de investigação “Dynamiques Épidémiques et Territories” / Dinâmicas Epidemias e Território dentro do UMR912.</p>
<p>É também responsável por uma especialidade do Mestrado em Saúde Pública, Empresas e Desenvolvimento// <strong>Master Santé Publique, Sociétés, Développements </strong>na <strong>Universidade de Marselha</strong>, ensino a distância, com cerca de 60 estudantes por ano, e é diretor de tese para estudantes de doutoramento de numerosos países, incluído o Mali, Burkina Faso, Senegal, Togo, em colaboração com investigadores parceiros locais.[/vc_toggle][vc_toggle title=&#8221;Elisabeth Dorier&#8221; open=&#8221;true&#8221; icon=&#8221;angle-up&#8221; icon_closed=&#8221;angle-down&#8221; icon_position=&#8221;to-right&#8221;]<a href="https://www.prospectivecooperation.org/wp-content/uploads/2020/03/Elisabeth_Dorier2.jpg"><img loading="lazy" decoding="async" class=" wp-image-3901 alignleft" src="https://www.prospectivecooperation.org/wp-content/uploads/2020/03/Elisabeth_Dorier2-300x300.jpg" alt="" width="149" height="149" srcset="https://www.prospectivecooperation.org/wp-content/uploads/2020/03/Elisabeth_Dorier2-300x300.jpg 300w, https://www.prospectivecooperation.org/wp-content/uploads/2020/03/Elisabeth_Dorier2-150x150.jpg 150w, https://www.prospectivecooperation.org/wp-content/uploads/2020/03/Elisabeth_Dorier2.jpg 512w" sizes="auto, (max-width: 149px) 100vw, 149px" /></a>ELISABETH DORIER é geógrafa, professora na Universidade de Aix-Marseille, investigadora no LPED (Laboratoire Population Environnement Développement), especialista em abordagens socioambientais urbanas, membro sênior do IUF (Institut Universitaire de France).</p>
<p>Após uma tese sobre Brazzaville, “Ambiente e saúde em Brazzaville, Congo: da ecologia urbana à geografia social”, ela apoia uma HDR sobre “Sociedades urbanas e ambiente nas cidades africanas” onde mobiliza os seus trabalhos sobre a governação urbana no Benim, Congo e Mali.</p>
<p>De 2011 a 2020, no âmbito de uma parceira com o Ministério dos Assuntos Sociais e da Ação Humanitária, o BAD e a AFD, realizou uma série de diagnósticos setoriais e territoriais baseados em investigações diretas nas zonas mais afetadas pelas guerras no Congo Brazzaville, antes de pilotar estudos sobre a pobreza territorial neste país.</p>
<p>Em Marselha, onde reside, seguindo a mesma metodologia que combina inquéritos de campo e cartografia estatística, ela se envolveu desde 2018, em ligação com a fundação Abbé Pierre e o HCLPD (Alto Comitê para o Alojamento das Pessoas Desfavorecidas), na construção de um SIG e um acompanhamento cartográfico das questões do má habitação, das evacuações de emergência e da habitação social.</p>
<p>Publicações:</p>
<p>&#8211;  <a href="https://www.cairn.info/revue-herodote-2015-3-page-132.htm">Dynamiques territoriales du postconflit et de la reconstruction au Congo-Brazzaville</a></p>
<ul>
<li><a href="https://urbanicites.hypotheses.org/2872">La crise du logement indigne et ses enjeux à Marseille, une veille cartographique (2018-2020)</a></li>
<li><a href="https://urbanicites.hypotheses.org/2872">La crise du logement indigne et ses enjeux à Marseille, une veille cartographique (2018-2020)</a></li>
<li>Contributions aux <a href="http://www.hclpd.gouv.fr/a-la-une-r5.html">rapports du HCLPD</a></li>
</ul>
<p>[/vc_toggle][/vc_column][/vc_row]</p>
</div>

<p>[vc_row][vc_column][vc_toggle title=&#8221;Vincent Wallaert&#8221; open=&#8221;true&#8221; icon=&#8221;angle-up&#8221; icon_closed=&#8221;angle-down&#8221; icon_position=&#8221;to-right&#8221;]VINCENT WALLAERT é Chefe de serviço Europa da Metrópole Aix-Marseille-Provence (MAMP).  Anteriormente ele ocupou, de 2013 a 2016, o cargo de Responsável do Polo Cooperação da Agência das Cidades e Territórios Mediterrânicos Sustentáveis (AVITEM), ensinando a economia territorial e a montagem de projetos no âmbito de Masters na Universidade Aix-Marseille e Science Po Grenoble.[/vc_toggle][vc_toggle [&hellip;]</p>
