{"id":3460,"date":"2019-09-10T15:37:20","date_gmt":"2019-09-10T13:37:20","guid":{"rendered":"https:\/\/www.prospectivecooperation.org\/wp-content\/uploads\/2019\/09\/Minist\u00e8re-Sant\u00e9-Burkina.png"},"modified":"2019-09-10T15:37:20","modified_gmt":"2019-09-10T13:37:20","slug":"ministere-sante-burkina-2","status":"inherit","type":"attachment","link":"https:\/\/www.prospectivecooperation.org\/es\/ministere-sante-burkina-2\/","title":{"rendered":"Minist\u00e8re Sant\u00e9 Burkina"},"author":5,"featured_media":0,"comment_status":"open","ping_status":"closed","template":"","meta":[],"class_list":["post-3460","attachment","type-attachment","status-inherit","hentry"],"description":{"rendered":"<p class=\"attachment\"><a href='https:\/\/www.prospectivecooperation.org\/wp-content\/uploads\/2019\/09\/Minist\u00e8re-Sant\u00e9-Burkina.png'><img loading=\"lazy\" decoding=\"async\" width=\"247\" height=\"300\" src=\"https:\/\/www.prospectivecooperation.org\/wp-content\/uploads\/2019\/09\/Minist\u00e8re-Sant\u00e9-Burkina-247x300.png\" class=\"attachment-medium size-medium\" alt=\"\" srcset=\"https:\/\/www.prospectivecooperation.org\/wp-content\/uploads\/2019\/09\/Minist\u00e8re-Sant\u00e9-Burkina-247x300.png 247w, https:\/\/www.prospectivecooperation.org\/wp-content\/uploads\/2019\/09\/Minist\u00e8re-Sant\u00e9-Burkina.png 400w\" sizes=\"auto, (max-width: 247px) 100vw, 247px\" \/><\/a><\/p>\n"},"caption":{"rendered":""},"alt_text":"","media_type":"image","mime_type":"image\/png","media_details":{"width":400,"height":485,"file":"2019\/09\/Minist\u00e8re-Sant\u00e9-Burkina.png","sizes":{"thumbnail":{"file":"Minist\u00e8re-Sant\u00e9-Burkina-150x150.png","width":150,"height":150,"mime_type":"image\/png","source_url":"https:\/\/www.prospectivecooperation.org\/wp-content\/uploads\/2019\/09\/Minist\u00e8re-Sant\u00e9-Burkina-150x150.png"},"medium":{"file":"Minist\u00e8re-Sant\u00e9-Burkina-247x300.png","width":247,"height":300,"mime_type":"image\/png","source_url":"https:\/\/www.prospectivecooperation.org\/wp-content\/uploads\/2019\/09\/Minist\u00e8re-Sant\u00e9-Burkina-247x300.png"},"full":{"file":"Minist\u00e8re-Sant\u00e9-Burkina.png","width":400,"height":485,"mime_type":"image\/png","source_url":"https:\/\/www.prospectivecooperation.org\/wp-content\/uploads\/2019\/09\/Minist\u00e8re-Sant\u00e9-Burkina.png"}},"image_meta":{"aperture":"0","credit":"","camera":"","caption":"","created_timestamp":"0","copyright":"","focal_length":"0","iso":"0","shutter_speed":"0","title":"","orientation":"0","keywords":[]}},"post":null,"source_url":"https:\/\/www.prospectivecooperation.org\/wp-content\/uploads\/2019\/09\/Minist\u00e8re-Sant\u00e9-Burkina.png","_links":{"self":[{"href":"https:\/\/www.prospectivecooperation.org\/es\/wp-json\/wp\/v2\/media\/3460","targetHints":{"allow":["GET"]}}],"collection":[{"href":"https:\/\/www.prospectivecooperation.org\/es\/wp-json\/wp\/v2\/media"}],"about":[{"href":"https:\/\/www.prospectivecooperation.org\/es\/wp-json\/wp\/v2\/types\/attachment"}],"author":[{"embeddable":true,"href":"https:\/\/www.prospectivecooperation.org\/es\/wp-json\/wp\/v2\/users\/5"}],"replies":[{"embeddable":true,"href":"https:\/\/www.prospectivecooperation.org\/es\/wp-json\/wp\/v2\/comments?post=3460"}]}}

https://www.prospectivecooperation.org/wp-content/uploads/2019/09/Ministère-Santé-Burkina.png

Ministère Santé Burkina

<p class="attachment"><a href='https://www.prospectivecooperation.org/wp-content/uploads/2019/09/Ministère-Santé-Burkina.png'><img loading="lazy" decoding="async" width="247" height="300" src="https://www.prospectivecooperation.org/wp-content/uploads/2019/09/Ministère-Santé-Burkina-247x300.png" class="attachment-medium size-medium" alt="" srcset="https://www.prospectivecooperation.org/wp-content/uploads/2019/09/Ministère-Santé-Burkina-247x300.png 247w, https://www.prospectivecooperation.org/wp-content/uploads/2019/09/Ministère-Santé-Burkina.png 400w" sizes="auto, (max-width: 247px) 100vw, 247px" /></a></p>

2019/09/Ministère-Santé-Burkina.png

Ministère-Santé-Burkina-150x150.png

https://www.prospectivecooperation.org/wp-content/uploads/2019/09/Ministère-Santé-Burkina-150x150.png

Ministère-Santé-Burkina-247x300.png

https://www.prospectivecooperation.org/wp-content/uploads/2019/09/Ministère-Santé-Burkina-247x300.png

Ministère-Santé-Burkina.png
